its digit of x?
8
Let i = 0 - -3. Suppose m + 139 = i*j, -3*j - 3*m + 2*m + 143 = 0. What is the units digit of j?
7
Let x be (1652/(-8))/(-7)*2. Suppose 3*w + t - 161 = 0, 3*t = w - 2*t - x. Let s = -33 + w. What is the units digit of s?
1
Let w = 27 + 469. What is the units digit of w?
6
Suppose 0 = -m + p + 2744 - 284, p = -2*m + 4905. What is the tens digit of m?
5
Suppose 0 = 34*i - 15209 - 6347. What is the tens digit of i?
3
Let n = 12 - 4. Suppose 4*s + n = 3*g, g = -s - 2 + 7. Suppose i - 42 = -v, -26 = 4*v - g*i - 194. What is the tens digit of v?
4
Suppose 302*b - 299*b - 12786 = 0. What is the tens digit of b?
6
Suppose -4*t + 444 = y, -30*t + 35*t = -5*y + 2265. What is the hundreds digit of y?
4
Let c(k) = -k**2 + 6*k + 1. Let l be c(-4). Let i = 61 + l. What is the tens digit of i?
2
Let f(h) = 4*h**3 - 15*h**2 + 17*h - 46. What is the tens digit of f(8)?
7
Suppose 20 = 5*m + n, 4*m - 14 = n + 11. Suppose 1709 = m*x + 329. What is the units digit of x?
6
Suppose 30 = -k - 9. Let u = -3 - k. What is the units digit of 2/(-2)*u/(-4)?
9
Suppose -43732 = -42*k + 79496. What is the thousands digit of k?
2
Let b(i) = i**2 + 16*i + 1. Let h be b(-16). What is the tens digit of ((-211 - h)/1)/(-2) - -3?
0
Let m(i) = -450*i - 8. What is the units digit of m(-1)?
2
Let h = 14 + -14. Suppose 4*b = -h*b + 8. What is the units digit of (-2 - -15 - 0) + b?
5
Let w(x) = 34*x**2 + 12*x + 28. What is the units digit of w(-4)?
4
Let w = -30 - -25. Let p(a) = -18*a + 13. What is the units digit of p(w)?
3
Let r(v) = -10*v + 26. What is the tens digit of r(-20)?
2
Let b = 267 + 288. What is the units digit of b?
5
Let a = -3036 - -5292. What is the thousands digit of a?
2
Let s be 417/6 - (-3)/(3 + 3). Let z = s + -58. What is the tens digit of z?
1
Let u(g) = 61*g**2 - 26*g - 128. What is the units digit of u(-4)?
2
Suppose 2*m + 6 = 0, i + m = 1431 + 7. What is the tens digit of i?
4
Suppose -1621 = -4*l - 3*j, -4*l + 4*j + 2003 = l. What is the units digit of l?
3
Let y = -17 + 14. Let l(f) = f**3. Let j be l(y). Let w = j - -33. What is the units digit of w?
6
Let x = 18 + 18. Suppose -4*z + x = -80. What is the tens digit of z?
2
Suppose -52*l = 165734 - 479034. What is the hundreds digit of l?
0
Suppose 12 = 3*y - 3*h, -3*y - h + 5*h = -14. Let f = 91 + y. What is the units digit of f?
3
Let d = 2976 - 1965. What is the thousands digit of d?
1
Let z = 18910 + 13129. What is the units digit of z/299 - ((-28)/(-13) - 2)?
7
What is the units digit of 28/16 + (-1836)/(-48)?
0
Let j = 571 - 59. What is the tens digit of j?
1
Suppose -81 + 25 = -8*r. Let n(d) = 2*d**3 - 9*d**2 - 9*d - 4. What is the units digit of n(r)?
8
Suppose 5796 = 4*p + 4*l, 9*l - 14*l = -4*p + 5832. What is the tens digit of p?
5
Let y(c) = c**2 + 11*c + 19. Let x be 20 - -7 - (-1 + 3). Suppose -z + 5 = -l, -x = -4*l + 5*l + 3*z. What is the units digit of y(l)?
9
Let h = -1341 + 1916. What is the tens digit of h?
7
Suppose 9*k + 0*k = 117. Suppose 2184 = k*u + u. What is the tens digit of u?
5
Suppose -5*f + f - 28 = 0. Let i be -4*f/(42/(-9)). What is the tens digit of 204/8*(-4)/i?
1
Let u = 1169 - 230. What is the tens digit of u?
3
Suppose -j - 8 + 6 = 0. Let i(q) = -4*q**3 + 6*q**2 - q + 12. Let c(t) = -3*t**3 + 7*t**2 + 12. Let x(g) = j*i(g) + 3*c(g). What is the tens digit of x(9)?
3
Let d be (-53)/(-11) + (-18)/(-99). Let a = 13 - 9. Suppose a*s - d = -s. What is the units digit of s?
1
Let w(z) = -z + 25. Let u(i) = -2*i + 50. Let d(f) = 6*u(f) - 13*w(f). Let k be d(0). Let h = k - -41. What is the tens digit of h?
1
Suppose 5470 - 1102 = 16*d. What is the tens digit of d?
7
Suppose 2*y - 417 = k, -3*y + k + 59 + 565 = 0. Let s be y/5 + 4/(-10). Let c = 8 + s. What is the units digit of c?
9
Let g(w) = 4*w**2 - 4*w - 38. What is the units digit of g(-9)?
2
Suppose 619 = x - 4*p, 0*x + 5*x - 3161 = -2*p. What is the tens digit of x?
3
Let a(r) = -r**2 + 1. Let l(p) = -4*p**2 + 5*p + 3. Let j(h) = 5*a(h) - l(h). Let s be j(-4). Suppose 7 = x - s. What is the units digit of x?
3
What is the units digit of (-18)/81 - (-22)/18*289?
3
Suppose -s = -5*y - 1197, 9*y - 1 = 8*y. What is the thousands digit of s?
1
Let w(u) = 3 - 2*u + 5*u + 3*u**2 + 17*u**2 + 10*u**2. Let x be w(-2). What is the tens digit of (x/(-26))/((-2)/20)?
4
Let a be ((-2)/(-3))/((-4)/(-18)). What is the tens digit of ((-396)/(-16))/(a/16)?
3
Let r = -40 - 8. Suppose c - 3*a = -36 + 102, -a = -1. Let u = r + c. What is the units digit of u?
1
Suppose -159*k = -144*k - 3420. What is the units digit of k?
8
What is the hundreds digit of 4045*(32/(-40) + 1)?
8
Let v(f) be the third derivative of f**5/60 + 2*f**4/3 - 7*f**3/3 - 14*f**2. What is the units digit of v(-17)?
3
Let g be 4/5*1*5. Suppose -g*w = -6*w + 6, b - 25 = -w. What is the tens digit of b?
2
Let n be ((-5)/(-25))/(1/5). Suppose 7 + n = 2*d. Suppose 2*t = 5*c - 16 + 6, -2*t = -2*c + d. What is the units digit of c?
2
Let z(q) = 33*q**2 - 12*q - 33. Let c be z(-9). Suppose c = 9*b + 3*b. What is the units digit of b?
9
Suppose 2*g + 13*x - 932 = 11*x, 3*g = -4*x + 1397. What is the units digit of g?
7
Let g(f) = f - 10. Suppose 2*x = -2*x + 20. Let k be g(x). What is the units digit of 6/(-2) - (-7 + k)?
9
Suppose 3*s - 2269 = -4*z + 3*z, -6787 = -3*z - 4*s. What is the thousands digit of z?
2
Let d(k) be the third derivative of -2*k**5/15 - k**2. Let p be d(-1). What is the units digit of p/28 - (-216)/21?
0
Let s(k) = k**3 + 2*k**2 + 22*k - 17. What is the thousands digit of s(9)?
1
Let z = 25 - 29. Let j be 4 + (z - (-30)/(-2)). Let s = 27 + j. What is the tens digit of s?
1
Let r = -523 + 812. What is the units digit of r?
9
Let u(r) = -r**2 - 8*r + 22. Let b be u(-10). Suppose 8*a - 1280 = -b*a. What is the hundreds digit of a?
1
Suppose 3*v - 73 - 143 = -c, -5*c - 3*v = -1140. Suppose 4*l - c = -3*u - 75, 0 = -l + 4*u + 39. What is the units digit of l?
9
Let b(f) = f**2 - 1. Let u(d) = -25*d**2 + 3*d. Let c(q) = 3*b(q) - u(q). What is the units digit of c(-2)?
5
Let k(f) = f**3 + 10*f**2 + 8*f - 2. Let r be k(-9). Let l(i) = -i**3 + 8*i**2 - 8*i + 10. Let d be l(r). Suppose 92 + 37 = d*c. What is the tens digit of c?
4
Let d = 513 - 294. What is the units digit of d?
9
Suppose 0 = -21*s + 23*s - 222. What is the units digit of s?
1
Let k = 33 - -4. What is the tens digit of k + 2 + (0 - 3)?
3
Let i(h) = 5 - 3*h + 5*h**2 - 2 + 8*h - 2. What is the units digit of i(-3)?
1
Let t(b) = 0*b**2 - 3*b**2 + 6*b + 3*b**2 + 10*b**2 + 18. What is the units digit of t(-4)?
4
Let r(q) = -90*q - 87. What is the units digit of r(-3)?
3
Let s(u) = 3*u**3 - 14 - 16*u - 5 + 9*u**2 - 6*u**3 + 4*u**3. What is the units digit of s(-10)?
1
Let k = 8 - 3. Let h(t) = 4*t**2 - 7*t + 1. What is the tens digit of h(k)?
6
Suppose -2*s + 177 + 245 = 3*u, u = -3*s + 129. Let v = u + -68. Suppose 48 = 4*r - v. What is the tens digit of r?
3
Let s be (-5 - -6)*-3 - -245. Suppose 7*h - 311 - s = 0. What is the tens digit of h?
7
Let n(u) = 6*u**3 + u**2 + 2*u - 2. Suppose 0*j + 2 = 2*j. What is the units digit of n(j)?
7
Suppose -2 + 3 = -f. Let o be f*2*2/(-4). Suppose -z = -o - 1. What is the units digit of z?
2
Suppose -6*u + 3*u = 9. Let c be 7 - (u - -2) - 2. Suppose c*f - 2*f = 216. What is the tens digit of f?
5
Let u(z) = -2*z + 3. Let n be u(2). Let x be ((-6)/(-15))/(n/(-5)). Suppose 2*t + x*b = t + 22, t = 5*b - 13. What is the tens digit of t?
1
Suppose 0 = -4*t + 2*t + 4. What is the tens digit of (-447)/(-12) + t/(-8)?
3
Suppose 0*l - 15 = -3*l. Suppose -l*h = u - 321, -3*h + 2*u + 236 - 33 = 0. What is the units digit of h?
5
Let k(b) = 3*b**3 - 8*b**2 + 13*b - 54. What is the tens digit of k(6)?
8
Let h = 1237 + -1225. Let x be 2/(2/(-2)) - -28. Suppose x + h = k. What is the units digit of k?
8
Let b(q) = -q - 9. Let i be b(-13). Suppose -i*h = -h - 165. What is the units digit of h?
5
Suppose 2*f - 38 = 4. Let w = 32 - f. What is the tens digit of w?
1
Let y = 54 - 57. What is the tens digit of -2*y*((-260)/(-24) - 4)?
4
What is the units digit of (28 - -2019) + -1 + 1 + 1?
8
Let a(i) = 3*i**3 - 4*i**2 - 6*i - 3. Let y be a(5). Let r be (-17)/(-2) + 6/(-4). Suppose 4 - y = -r*o. What is the units digit of o?
4
Let u(w) = 3*w**2 + 42*w - 132. Wh